divided by s?
24
Let w be (3/1)/((-15)/20). Let z = w - -11. Suppose -5*i - q + 135 = -6*q, -4*i - 3*q = -108. What is the remainder when i is divided by z?
6
Let m be 520/(-15) - (-2)/(-6) - 3. Let o = 45 + m. Suppose 5*z = 5*a - 84 + 34, -4*z = 0. What is the remainder when a is divided by o?
3
Let a(f) = f**3 + 6*f**2 + 2*f + 9. Let x be a(-8). Suppose 0 = 6*i - 13*i + 77. Calculate the remainder when -4*(-2 + x/12) is divided by i.
9
Suppose 1422*j = 1445*j - 12052. Calculate the remainder when j is divided by 15.
14
Suppose -5*w + 4*j + 2445 = 0, 2*w + j - 286 = 666. Suppose -4*y + 109 + 67 = 0. Calculate the remainder when w is divided by y.
41
Suppose -4*n = -6*n - k + 1618, -2*n + 1628 = -4*k. What is the remainder when 99 is divided by (-6)/8 + n/24 + -7?
21
Let q = -36 + 36. Suppose q = 2*v - 5*v + 15. Suppose 5*j - 136 = 2*m + 78, -v*m - 29 = -j. Calculate the remainder when 174 is divided by j.
42
Suppose 454 = -11*m + 2335. What is the remainder when 49 is divided by (-10)/45 - (-2432)/m?
7
Let r = 100 - 48. Let i = 88 - r. What is the remainder when i is divided by 19?
17
Let v(q) = q**2 + 15*q - 51. Let g be v(-18). Suppose -a - g*r = -0*r - 27, 2*a = 4*r + 44. What is the remainder when a is divided by 9?
6
Suppose 292*u - 303*u + 26125 = 0. What is the remainder when u is divided by 132?
131
Let x(d) = -d**2 + 11*d - 30. Let p be x(6). Let w(h) = 15*h + 7. Calculate the remainder when 23 is divided by w(p).
2
Let d(u) = -u**3 - 14*u**2 - 14*u + 8. Let m be d(-13). Suppose 15 = -3*i + m. What is the remainder when 23 is divided by (-2 + 1)/(i/(-16))?
7
Suppose -3*d + 268 + 113 = 0. Suppose 2483 = -271*s + 547*s - 85*s. What is the remainder when d is divided by s?
10
Let t(d) = d**3 - 10*d**2 + 27*d + 4. Let a(s) = -2*s**3 - 5*s**2 - 4*s - 2. Calculate the remainder when t(6) is divided by a(-3).
3
What is the remainder when ((-16)/32)/(11/(-4796)) is divided by 36?
2
Suppose 1251*x - 1261*x + 2590 = 0. What is the remainder when x is divided by 80?
19
Suppose 139*g = 198*g - 53100. Calculate the remainder when g is divided by 299.
3
Let b be 3/(-45) + (-1162)/(-105). Suppose -866 = -b*p + 5899. What is the remainder when p is divided by 56?
55
Let y(r) = r**3 + 8*r**2 - 10*r - 1. Let g be 12/(-3) + 1*-5. Let x = 128 + -100. Calculate the remainder when x is divided by y(g).
4
Calculate the remainder when ((-40)/7)/(66/(-3003)) is divided by 88.
84
Let r = -8584 - -17064. What is the remainder when r is divided by 21?
17
Suppose 18*j - 35*j = -561. Suppose w = j + 56. Calculate the remainder when w is divided by 18.
17
Let f = 30 - 18. Let d(b) = b + 11. Let s be d(5). Suppose -11*k + s = -622. Calculate the remainder when k is divided by f.
10
Suppose -3*v + 10*v - v = 0. Suppose -4*h = -3*u + 282, 3*h + v = 9. Calculate the remainder when u is divided by 21.
14
Suppose -16*g + 220 = 91*d - 86*d, -d + 32 = 2*g. Let n(x) = 4*x**2 - 4*x - 4. Calculate the remainder when n(-3) is divided by g.
4
Let a(u) = -24*u**2 - 11*u + 32. Let z be a(4). Let l = z - -415. Calculate the remainder when 28 is divided by l.
9
Suppose -26*m - 37*m + 3029 = -3082. What is the remainder when 365 is divided by m?
74
Suppose 42*n = -25*n + 12931. Calculate the remainder when n is divided by 31.
7
Calculate the remainder when 511 is divided by 22372/119 - (4 + -26).
91
Suppose 0 = 5*f - 4*n - 735, 3*f - 63 - 341 = -5*n. Suppose -32 = -4*i - 0. What is the remainder when f is divided by i?
7
Suppose 0 = 3*u + 3*g - 731 - 25, 5*u = -3*g + 1252. Let c = u - 191. What is the remainder when c is divided by 9?
3
Let u(i) be the second derivative of i**3/6 + 49*i**2/2 - 2*i + 4. What is the remainder when 57 is divided by u(-33)?
9
Let n be ((-65736)/(-462))/(2/14). Suppose -956 = 2*a - n. What is the remainder when 757 is divided by a?
17
Suppose 69 = 5*d - 1. Let t be d/8 - (-8)/32. Suppose t*o - 5*s + 0 = -6, -4*o + 5*s - 2 = 0. Calculate the remainder when o is divided by 1.
0
Suppose 0 = -2*p + 5*m + 403 + 234, -2*p = -4*m - 642. Suppose p = 25*a - 594. What is the remainder when 217 is divided by a?
32
Let c = -4797 + 4814. What is the remainder when 761 is divided by c?
13
Let p = 15437 - 8607. Calculate the remainder when p is divided by 122.
120
Suppose -5*s + 13 = 3*c, -c = s - 4*c - 17. Let h be (-3 - -5) + (226 - 0). Suppose -8*t = -s*t - h. What is the remainder when t is divided by 39?
37
Let r(n) = -557*n**3 + 3*n**2 + 33*n + 31. What is the remainder when r(-1) is divided by 23?
6
Suppose -6*a - 299 - 199 = 0. Let p = 88 + a. What is the remainder when 37 is divided by p?
2
Suppose -3*x - 1 = 5*s, 4*s + 4*x - 6*x + 14 = 0. Calculate the remainder when s + -3 + 5 + 24 is divided by 13.
11
Suppose f + f - 4 = 0, -5*n - 3*f = -11. Let a = 24 - 20. Suppose -5 = -u + a*y, -2*u + 2 - 4 = 4*y. What is the remainder when u is divided by n?
0
Let f(n) = -n**3 - 8*n**2 - 3 - 3 + 5 + 3 - 7*n. Let m be f(-7). Suppose -d = 4, 0*y - y - m*d = -113. Calculate the remainder when y is divided by 41.
39
Suppose -26*a + 30*a - 4*k - 612 = 0, -3*a - 2*k + 474 = 0. What is the remainder when 485 is divided by a?
17
Let o(l) = 4*l + 10. Let k(s) = 3*s - 29. Let a be k(10). Let i be 4 + 1*(a + -2). What is the remainder when 108 is divided by o(i)?
20
Let p(o) = o - 6. Let v be p(15). Let i be 28/(-84)*(v + 0). What is the remainder when 15 is divided by (-43)/i - 34/(-51)?
0
Let c = 79 - 69. Calculate the remainder when ((-228)/c)/(630/(-200) + 3) is divided by 17.
16
Suppose -2*b + 5*n - 9 = 0, -3*b + 6*b - 3*n + 9 = 0. Let j(h) = -4 - 8*h**3 - 4*h - 20 + 20 - 4*h**2. What is the remainder when j(b) is divided by 15?
7
Let l(b) = 18*b - 32. Let h be l(2). Suppose -455 + 87 = -h*m. Calculate the remainder when m is divided by 32.
28
Suppose 4*l + 5*v - 42 = 3*v, -3*l - 2*v + 32 = 0. Calculate the remainder when 62 is divided by (68/(-10))/(l/(-25)).
11
Suppose -96*z - 59*z = -4748 - 367. What is the remainder when 3957 is divided by z?
30
Let k(u) = 2*u**3 + u**2 + 2*u + 16. Let z be k(0). Let o(s) = 13*s - 111. What is the remainder when o(z) is divided by 44?
9
Let s = 272 + -487. Let x = 223 + s. What is the remainder when 78 is divided by x?
6
Suppose -15*l + 3*h + 106 = -14*l, 3*h = -5*l + 512. Let v(y) = y**2 - 9*y + 13. Let k = 70 + -61. Calculate the remainder when l is divided by v(k).
12
Let a be -5 + 0 + 4 + 2. Let n be ((-11116)/(-56))/(a*(-2)/(-4)). Suppose 5*w - n = -r, -2*r + r - 243 = -3*w. Calculate the remainder when w is divided by 14.
10
Suppose -30*y + 82*y + 3276 = 0. Let t = 247 - 141. Let q = t + y. Calculate the remainder when q is divided by 17.
9
Suppose 4*z - 8*a + 10*a = 1574, a + 392 = z. What is the remainder when z is divided by 25?
18
Let n be (-20)/3*(-72)/60. What is the remainder when 59 is divided by (-3 + (3 - n))*-2?
11
Let v = 4664 + -4595. Let l be 324/(-3)*2/(-4). Suppose l = -m + 4*m. What is the remainder when v is divided by m?
15
Let h(d) = -222*d - 2633. Let n = -22 - -68. Calculate the remainder when n is divided by h(-12).
15
Suppose 606*l + 25*l = 1268310. What is the remainder when l is divided by 65?
60
Let m(y) = -110*y - 14. Let p be m(-2). Suppose 204*s - p*s = -118. Calculate the remainder when 117 is divided by s.
58
Calculate the remainder when (-16832)/(-528)*3*11 is divided by 262.
4
Suppose -5*f + 205 = -3*c, 0 = -5*f + 17*c - 16*c + 205. Calculate the remainder when f is divided by 11.
8
Let c = 25724 - 25704. Calculate the remainder when 2410 is divided by c.
10
Let i = -60693 + 60721. Let f = -6 - -11. Suppose 0 = f*t - 205 - 70. What is the remainder when t is divided by i?
27
Let k be -167 - (-1 - (-5 + -3)). Let r = k - -187. What is the remainder when 54 is divided by r?
2
Suppose a + 5*u - 8 = -18, -2*a + 3*u = -19. Suppose z = -4*m - z + 4, -a*m = -3*z - 5. What is the remainder when 87 is divided by m/(-4) + (-97)/(-4) - 2?
21
Suppose 5*a - 11*a = -12. Suppose -11*o + a = -12*o. What is the remainder when o/9*1 + (-2156)/(-63) is divided by 13?
8
Suppose j = -4 + 25. Let h(u) be the first derivative of u**3/3 + 2*u**2 - 20*u - 18. Calculate the remainder when j is divided by h(-8).
9
Suppose -810 = -6*m - 4*m. Suppose -2*g - 87 - 23 = 0. Let x = g + m. What is the remainder when 128 is div